 + 4 - -29.
23
What is the value of (20 - (9 - -33)) + 2?
-20
(4 - -1) + 1 - (839 - 836)
3
What is the value of 14 + (3 - 18) - (2 + 2)?
-5
Evaluate (0 - 4 - (-15 + 14)) + 1 + -3.
-5
Calculate 0 - (-2 - -2) - 4 - (1 - 8).
3
-5 + (5 + 3 - 0) + 4 + 19
26
Evaluate 2 - -4 - (-1 - (9 - (-6 + 43))).
-21
Evaluate -23 + 17 + 0 - (-8 + 1 - -1).
0
Calculate (27 - (-5 - (9 + -9))) + -10.
22
What is the value of (25 - (-19 - -10)) + -1 + -8 + -6?
19
Evaluate 14 + (4 - 6) - (-17 + 16).
13
What is -2 + (11 + -35 - -25)?
-1
What is -2 + -8 + 10 + 34 + -13?
21
Evaluate 21 + (-17 - -18 - 16).
6
What is the value of (-25 - (37 - 53)) + -17?
-26
8 - (-17 + -18 + (5 - -3) + 17)
18
Evaluate -14 + 7 + 4 - 2 - -12 - -9.
16
(-10 - -18) + (0 - 3) + -6
-1
(2 - (-7 + 6 + 3) - 33) + 7
-26
(161 - 161) + (-1 - (-12 - -1) - -2)
12
What is the value of -4 + (2 - (-3 - (-6 + 4 + -6)))?
-7
-15 - (-8 + 5 - 12 - (-10 + 2))
-8
What is (-5 - 8) + 14 + -10 - -1?
-8
-3 + (12 - -10) - (-1 - (1 + -2))
19
Evaluate (-15 - -5) + 1 + 4 + -5.
-10
What is the value of 0 - (-19 - (-10 - 7))?
2
What is -270 + 298 - (-1 + 33)?
-4
32 + -14 + -15 + 3 + 2
8
What is the value of -1 + -9 - (-1 + (1 - 0) + 3)?
-13
Calculate 36 - (10 + (4 - -4)).
18
Evaluate 2 + -1 + (4 + -10 - -13) - 7.
1
Evaluate 4 + (-2 + 0 - ((6 - -23) + -16)).
-11
-8 - ((20 - -9) + -30)
-7
4 + -4 + (14 - 11) + -4 - -12
11
What is the value of -13 + (-4 - (-6 - 28))?
17
-6 + -13 + -15 + 22 - 5
-17
Evaluate 6 - (-13 + 10 + 10).
-1
Evaluate -6 + -1 + (2 - 2) + -3 + 4.
-6
What is 1 + (3 - (3 - 0)) - (1 + 6)?
-6
What is the value of -1 + -9 + -12 + 17 - (1 + -4)?
-2
What is (-138 - -116) + (2 - -18)?
-2
What is the value of 45 + (-39 - 0) - (-9 + (1 - 0))?
14
Calculate -2 + 0 + -2 - (-46 + 49) - -4.
-3
What is the value of -14 - 0 - (-3 + -17 + 6 - -21)?
-21
What is (-6 - -1) + 12 + 6 + -4 - 1?
8
Calculate (7 - -4) + -9 - (-1 + 33).
-30
Calculate -7 + -1 + (25 + -6 - (-14 + 21)).
4
-43 - (-55 + (-21 - -29))
4
21 - (-3 + (19 - 21))
26
What is -11 - (93 + -85 + (-43 - 0))?
24
What is the value of 3 + (10 - (34 - 10))?
-11
What is 4 + 3 + -13 + 9?
3
-11 + 9 - -3 - (-11 - 1)
13
What is the value of 5 + 0 - (-5 + -7 + -8 + 17)?
8
13 + -2 + 0 - (-3 + -19 - -47)
-14
What is 27 - (-30 + 28 + 26)?
3
What is the value of 1 + 1 + (8 - 10)?
0
Evaluate (21 + 16 - 9) + 4.
32
(-2 + -7 + 9 - -21) + -11
10
Calculate -228 + 222 + (-1 - 2 - 0).
-9
Evaluate (-25 - (31 - 41)) + 11 + -1.
-5
-4 - (-16 + 1 - -24)
-13
Calculate 6 - (-6 + -6 + 8) - (3 - -4).
3
Evaluate (-1 - -14 - -2) + (-19 - -18).
14
-6 - (13 + (35 - 35))
-19
Calculate (-14 - (-7 - -7)) + (3 + -1 - -2).
-10
Calculate -2 + -1 - (30 - 59 - -23).
3
Calculate (3 + 11 - (-5 - -8)) + -5 - -12.
18
-8 - ((15 - 2 - (-11 - -14)) + -5)
-13
Calculate 9 + (-8 - 4) + 12 - -15.
24
Evaluate -1 + -3 + 6 + 8.
10
Calculate -31 + 59 + -26 - 31.
-29
-19 + 0 - (-11 - 19 - -22)
-11
Evaluate ((9 - -3) + (-18 - 5) - -9) + -20.
-22
Calculate 7 + 3 + (5 - 28 - -7) + 7.
1
What is the value of -34 + (67 - 34) + 24?
23
Evaluate (11 - (-1 + -5 + -13)) + -10.
20
What is the value of 7 + (5 - (5 + (-3 - 1))) + -6?
5
What is the value of (-29 + 12 - -16) + -14 + 7?
-8
What is 50 + (24 + -54 - 11)?
9
What is the value of -1 + 23 - (248 - 229)?
3
What is 2 + -2 + -16 + -2 + -8?
-26
Calculate 19 - 2 - (-12 + -1 - -20).
10
-57 + 16 + 29 - (-1 + -16)
5
Calculate 41 + -13 - 16 - (-2 - 3).
17
What is 11 + 0 + -9 + 8 + -3?
7
(-2 - -2) + -16 + 21 + -4
1
Evaluate -5 - (-8 - 3) - (135 + -114).
-15
What is -43 + 58 + -44 + 7?
-22
What is 15 - (14 + -2) - 15?
-12
-21 + (0 - 10) + 35
4
1072 - 1080 - (2 + -2 - (-1 + -11))
-20
5 - ((14 - 6) + (6 - (-6 + 9)))
-6
Evaluate -2 + (-1 + -8 - -13) + -9.
-7
What is the value of -2 + (-9 - -3) + 6 + -2 - -3?
-1
(-25 - (8 - (1 - -9))) + 2
-21
What is the value of -3 + 1 + (23 - (3 - -6))?
12
Calculate -122 + 128 - ((2 - 1) + -20).
25
Evaluate -2 + 12 + 42 + -28 + (-2 - 8).
14
Evaluate 5 + -3 + -5 + -30 + 23 + 4.
-6
What is (28 - 46) + 13 + -12?
-17
(-6 - -8) + (4 - (4 - (-1 + 4)))
5
2 + (7 + -1 - 6 - 1 - 6)
-5
Evaluate -50 - -42 - (-10 + 9 + -13).
6
Calculate -1 + 13 + 6 - 28.
-10
Evaluate 1 - -8 - (-424 + 441).
-8
0 - (-8 + (19 - 15) + (-2 - -4))
2
What is the value of 1 + -15 + 28 + -16?
-2
What is (0 + 6 - 19) + 31?
18
0 + 5 + (9 - 13) + -3
-2
What is (30 - 36) + (-7 - (-5 + -31))?
23
What is the value of (-4 - (1 + -8)) + 10 + 4 + -12?
5
Evaluate -548 - -552 - (0 + 18).
-14
What is the value of 134 - 141 - (-22 - 2 - (0 + 2))?
19
Evaluate 26 + 0 + -5 - (-3 - (1 - 10)).
15
Evaluate -5 - (-2 + (-7 - 4)).
8
What is 2 - 1 - (5 + (-8 + 8 - 12))?
8
What is (-19 - -29) + (3 - 2) - 18?
-7
What is 50 + -11 + -24 - (-1 - 0)?
16
What is 0 - (-5 - -3) - (-89 + 76)?
15
Evaluate 7 - ((44 - 28 - (-2 - -1)) + -9).
-1
Calculate 13 + (-13 + 0 - (16 - 34)).
18
What is the value of 1 + 11 + -7 + 4 - 20?
-11
-2 + (-6 - (-34 + 33 + (27 - 1)))
-33
What is -2 - (-26 + -8 - -11) - 7?
14
-11 + 3 + 4 - ((-16 - -9) + 2)
1
What is the value of (5 + -20 - -32) + -14?
3
-8 - (-8 + 16 - 15 - -13)
-14
What is the value of (-7 + 12 - 9) + 1 - (-5 + -1)?
3
What is the value of -9 + 5 + 2 + -7 - 6?
-15
Calculate (-4 - 3) + (3 - -17).
13
24 + (0 - 26) + 5
3
Calculate (-11 - (-1 + -4) - -6 - 7) + 12.
5
0 - (1 + -13) - (730 - 701)
-17
21 - (-13 + 11 + 24)
-1
What is the value of -7 + -1 + (8 - 1) + 2?
1
What is the value of -16 + 8 + (-2 - -21) + -5 + 11?
17
Calculate 15 - 1 - (101 + -90).
3
10 - ((11 - -13) + -2)
-12
What is the value of 28 - 33 - (1 - (2 + 13))?
9
6 - ((-5 - -3) + 14) - (-4 - 17)
15
Evaluate (4 + (2 - 15) - (-2 - 1)) + 1.
-5
Calculate 5 + -7 + 6 + 13 - (-9 + 0).
26
Evaluate 0 - (-14 - -5 - -15).
-6
-16 + 10 + -2 - -18
10
What is -52 - (31 - 43) - -7?
-33
Evaluate -5 - (5 + 0 + -7) - -15.
12
Calculate 30 + (-25 - 23) - 0.
-18
-391 - -384 - (1 - 21) - (-2 - 8)
23
5 + 8 + -6 + 2 + -8 + 0
1
Evaluate -29 - -3 - (83 + -116).
7
What is (5 - (-1 + 15)) + 10?
1
Calculate -12 + -10 + (1 - -7) - -3.
-11
Calculate -17 + -3 + 17 + -26.
-29
What is the value of (9 - (44 - (-22 - -42))) + 2 + 2?
-11
Calculate (-6 + 6 - 2) + 1 + 2 + 2.
3
What is 16 + -13 + (3 - 3) - -5 - -11?
19
Calculate -23 - (-10 - (-8 - (-14 + 7) - 4)).
-18
(25 - 2) + 367 + -393
-3
Calculate (1 - 5) + (23 - (16 + 22)).
-19
12 + (6 - (-5 + 23) - -19)
19
Evaluate 0 + (3 + (-1 - 8) - -8 - -16).
18
(12 - -3) + (29 - 48)
-4
Calculate 1 + -39 + -351 + 374.
-15
Calculate 2 + 0 + 1 + -23 + 16.
-4
What is the value of -36 - (6 - -10 - 25)?
-27
Calculate (0 - -10 - (36 - (25 + -20))) + -7.
-28
What is 0 - (-7 + (10 - 10))?
7
What is the value of (-3 + -8 - -8) + 7 + 4?
8
What is 7 + (21 - 40 - -6)?
-6
Evaluate -26 + (10 - -6) + -5 + 8.
-7
Evaluate 4 + 0 - (-93 - -94) - 11.
-8
What is the value of 7 - (-2 + (5 - -1) - 12)?
15
Evaluate 17 + -20 + -6 + 5 + 16.
12
Calculate -6 + (-15 - -1) + -11 + 36 + -17.
-12
Evaluate 2 - (14 - 43) - 61.
-30
Calculate (-42 + 26 - -3) + 17.
4
Calculate 7 + (-1 - (8 - 1)) + (-227 - -223).
-5
Evaluate -1 - (-8 + 5 - 15).
17
7 + -4 + (9 - 20)
-8
What is (263 - 249) + (-13 - 0)?
1
What is the value of (-3 - -12 - 13 - (-1 + 12)) + 4?
-11
What is (-2 - 30) + 46 + -39?
-25
What is the value of -1 + (5 - 0 - ((-12 - -2) + 15))?
-1
Calculate -35 + 19 + 10 + -6 + -1 + 2.
-11
4 - (-8 - -22 - 5 - -1) - -31
25
Evaluate 29 + (-34 - (-9 + -10)).
14
Evaluate -10 + (2 - 8) + 12.
-4
What is 21 - (-7 - -11) - (-15 + 8)?
24
-9 - (22 - 17) - 5
-19
13 - (-18 - (-30 - 13))
-12
Calculate -24 + 47 + -20 + 5.
8
13 - (13 - (20 + 6 + -14))
12
What is the value of 11 + -4 - (3 + 0 + (-9 - -5))?
8
What is -25 + 13 + 0 + 3?
-9
Calculate 20 - (2 + (-7 - (-1 + -13))).
11
What is -13 - 0 - (139 - 160)?
8
Calculate 12 + -14 + 5 + -29 + (9 - 3).
-20
Calculate (6 + -1 - 5) + -1 + -7 - -2.
-6
What is the value of (-4 - (-3 - 4 - -2)) + 2?
3
What is 16 + 0 + (-47 - -24)?
-7
Calculate (-17 - -15 - (-10 - -2)) + (-3 - -5).
8
What is the value of -8 + 3 + (-66 - -40)?
-31
Calculate -22 - (22 + (-37 - 19)).
12
Calculate -50 - (-37 - -28) - -71.
30
What is the value of 26 + (-88 - -40) - -10?
-12
1 + (18 - -1) + (-51 - -35)
4
What is the value of -1 + -30 + -1 + -2011 + 2018?
-25
Evaluate 6 + 10 + -1 + (4 - 5) + -3.
11
What is the value of -19 + -13 + 37 - (-10 + 0)?
15
Calcul